= 4*i - 6*o + 2*o, -b*o - 15 = 0. Suppose -i - 116 = -3*k. List the prime factors of k.
7
Suppose 2*s + 2*v - 4 = 0, s - 2*v - 3 = -1. Suppose 822 = 2*i - 0*l + 2*l, s*i - 3*l - 802 = 0. List the prime factors of i.
11, 37
Suppose -81*a - 21 = -88*a. Suppose a*q = -2*g + 1082, -q - 3*q + 531 = g. What are the prime factors of g?
547
Suppose -2*s + 248 = 40. Suppose 0 = -5*o + 2*n + 264, -4*o + 266*n = 264*n - 210. Let b = s - o. What are the prime factors of b?
2, 5
Let s(a) = -5536*a - 330. List the prime factors of s(-3).
2, 3, 2713
Suppose -4*k = -22*b + 27*b - 63, 17 = b + 3*k. What are the prime factors of (20 + 1)/(b/407)?
3, 7, 37
Let g = 23996 - 13254. What are the prime factors of g?
2, 41, 131
Let a(w) = -2*w**3 - 24*w**2 + 52*w + 82. What are the prime factors of a(-23)?
2, 3, 877
Let v be 9/27*21*1. Let z(n) = 3*n**2 + n + 20. Let x be z(v). Let w = x - 109. List the prime factors of w.
5, 13
Let t(j) = -5*j - 6. Suppose -10 = 4*h - 2. Let z be t(h). Suppose 3*b = 2*b - z, 5*r = 4*b + 256. What are the prime factors of r?
2, 3
Let u = 20767 - 8829. What are the prime factors of u?
2, 47, 127
Suppose i + 191573 = 7*i - 76489. List the prime factors of i.
43, 1039
Let v be 3/(3 - (-237)/(-80)). Let d = 85 - v. Suppose -707 = -d*m + 3*z, -3*z - z = 4*m - 572. List the prime factors of m.
2, 71
Suppose h = -4*c + 2355, -2*h = -2*c - h + 1185. Suppose -2*x - 4*x - c = -2*g, 3*x - 313 = -g. What are the prime factors of g?
2, 19
Let o(w) = -w**3 + 5*w**2 - w - 4. Suppose 11*y = 12*y. Suppose y = -4*u + 3*u + 4. What are the prime factors of o(u)?
2
Suppose 15*k - 4*k - 4708 = 0. Suppose 0 = -3*m + 70 + k. List the prime factors of m.
2, 83
Suppose -281*a + 4 = -285*a, -4*o + 4*a + 182072 = 0. What are the prime factors of o?
23, 1979
Suppose 1 = -4*i - 3*k - 6, -2*i = -4*k + 20. List the prime factors of 2/(-5) + i + 17470/50.
3, 5, 23
Suppose 598 = b + 2*b + 2*o, -3*b + 586 = -4*o. Suppose -4*u - 3*p + 770 = 0, 0 = -u - 5*p + b - 14. List the prime factors of u.
2, 97
Let q(k) = 3555*k + 459. What are the prime factors of q(4)?
3, 7, 233
Let a be 8/((-56)/(-21)) + -184. Let m = a + 693. List the prime factors of m.
2
List the prime factors of 225534/(-9)*(-2 - (-22)/44).
37589
Suppose 2*d = 4*d, -2*t - 420 = -5*d. Let n = -97 - t. What are the prime factors of n?
113
Let c = 585 - 580. Suppose -g = -c*l - 1446, 2*g = g + 2*l + 1434. What are the prime factors of g?
2, 23, 31
Let p be -7 + (-1 - (3 - 6 - -3)). Let o(i) = 15*i**2 - 6*i + 12. What are the prime factors of o(p)?
2, 3, 5, 17
Let q = -62 - -125. Let y = q + -60. Suppose -5*k - 7*g = -y*g - 449, 2*k = 2*g + 194. List the prime factors of k.
3, 31
Let x = 90 + -97. List the prime factors of (x - (-11)/2)*3282/(-9).
547
Let y(g) = -11819*g - 697. List the prime factors of y(-2).
3, 2549
Let b(q) = 1324*q**2 - 517*q - 2082. List the prime factors of b(-4).
2, 5, 29, 73
Suppose 0 = -21*f - 6*f + 259016 - 74552. What are the prime factors of f?
2, 7, 61
Let n(d) = 82*d**3 - 20*d**2 - 176*d + 1551. What are the prime factors of n(9)?
3, 5, 31
Let z be 24/(4 + -1)*1/(-2). What are the prime factors of (z - 685/10)*(-36)/15?
2, 3, 29
Suppose -2*c + 40227 = 15025. List the prime factors of c.
12601
Let y be (-1 - -1)/(3 + 4 + -9). Suppose y*i + 207 = 2*r - 3*i, -4*r + 424 = -4*i. What are the prime factors of r?
3, 37
Let q(c) = 208*c + 157. List the prime factors of q(34).
7229
Suppose f - 11 = -5*p, 3*p = f - 4 - 7. Suppose -f = -4*z + 1349. What are the prime factors of z?
2, 5, 17
Let t(x) = -x + 4. Let v be t(5). Let l be (3 + 143)/((-2)/v). Let n = 154 - l. What are the prime factors of n?
3
Let v(d) = -1688*d + 2483. What are the prime factors of v(-10)?
17, 67
Let y be (5 - -2)*(-276)/14. List the prime factors of 6/(-12) + 1/(-2) - y.
137
Suppose 21*f - 20*f + 5*i - 3572 = 0, -5*f - 3*i = -17772. List the prime factors of f.
2, 3, 37
Suppose 0 = 18*s - 20*s. Suppose s*q - 3*u = q - 34, 0 = 3*u + 3. Suppose 0 = -m + q + 12. List the prime factors of m.
7
Let n(g) = 448*g + 13. List the prime factors of n(17).
3, 2543
Let n(y) = 9*y**3 + y**2 - y - 8. Let b = 66 - 70. Let x be n(b). What are the prime factors of ((-3)/12)/(3*1/x)?
47
Let t = 263 - 22. What are the prime factors of t?
241
Let h(u) = -164*u + 4. Let r(f) = 55*f - 2. Let k(v) = 4*h(v) + 11*r(v). Suppose -6*a + 2*a - 4 = 0, z - 3*a = -1. What are the prime factors of k(z)?
2, 3, 11
List the prime factors of 148*(21 - (9 - 14)).
2, 13, 37
Let k(t) = 2*t**2 + 4*t - 12. Let h be k(3). Suppose 5*r - 5*o - 20 = 0, -4*r + 3*o = -0*r - h. Suppose r = 4*l - 282. What are the prime factors of l?
2, 3
Suppose 22*w - 3894984 = -31*w - 41*w. List the prime factors of w.
2, 3, 1151
Let u be (1/6 - 50704/96)*-1. What are the prime factors of u*40/32*(-6)/(-10)?
2, 3, 11
Let r(z) = -2333*z**3 + z**2 + 57*z + 56. What are the prime factors of r(-1)?
2333
Let l(q) = 5*q**3 - 22*q**2 + 49*q + 103. What are the prime factors of l(17)?
3, 709
Let v be (41 + -44)*((-1 - 0) + 0). Suppose v*w - 3*h = 1018 - 397, 0 = -3*w + 5*h + 617. What are the prime factors of w?
11, 19
Suppose 5*m + i - 67 = 43, 0 = 5*m + 5*i - 110. Suppose 36*t - m*t - 7070 = 0. What are the prime factors of t?
5, 101
Suppose -2*g + 3*g + 2*y = 6782, 0 = 8*g + 3*y - 54191. What are the prime factors of g?
2, 1693
Suppose 0 = 256*x + 1787410 - 11693330. What are the prime factors of x?
5, 71, 109
Let p be (-3)/(15/(-2)) - (-66)/(-15). Let i = -44 + 48. List the prime factors of -3 + 82 + i - p.
3, 29
Let z(k) = 8*k + 24. Let t be z(-3). Suppose -2*s + 52 = -t*s + 2*r, 5*r = -4*s + 106. List the prime factors of s.
2, 3
Suppose -5*l + 6895 = 3*x - 15056, 5*x = 5*l + 36625. What are the prime factors of x?
2, 7, 523
Suppose -3*i - a + 18671 = 0, -17*i + 19*i = -3*a + 12452. What are the prime factors of i?
7, 127
Let w be (-20)/70 - 1423/(-7). Let h = w + 33. What are the prime factors of h?
2, 59
List the prime factors of ((-27)/(-6))/((-3)/(-14804)).
2, 3, 3701
Let i(d) be the second derivative of 15*d**2 + 1/2*d**3 + 0 - 11*d. What are the prime factors of i(10)?
2, 3, 5
Suppose n + 20*o - 4364 = 15*o, -5*o + 5 = 0. List the prime factors of n.
3, 1453
Suppose -1489 = -3*m + 3*q + 18935, 3*q = -3*m + 20436. List the prime factors of m.
2, 3, 5, 227
Suppose -5*o + 5 = -a - 10, a = -o - 3. Let f(z) = 22*z**2 - 25. What are the prime factors of f(a)?
3, 5, 7
Suppose 8511 = 3*x - 15815 - 11527. What are the prime factors of x?
17, 19, 37
Let y = -23920 + 40000. List the prime factors of y.
2, 3, 5, 67
Let p(k) = k**3 + 5*k**2 - 6*k + 39. Let s be p(-7). List the prime factors of (-2642)/(s/(170/20)).
1321
Let b = -12740 - -22254. What are the prime factors of b?
2, 67, 71
Let j = 8729 - 6488. List the prime factors of j.
3, 83
Let x(h) = 4*h**3 + 12*h**2 + 10*h - 34. What are the prime factors of x(9)?
2, 17, 29
Let h be (-12)/54 - 3624/(-27). Let m = 65 + h. What are the prime factors of m?
199
Let a be ((-6)/((-6)/(-2)))/((-3)/12). Suppose 72*t = 73*t - a. Suppose -10*f + 280 = -t*f. What are the prime factors of f?
2, 5, 7
Let o be 40/(-6)*(-13)/((-468)/(-405)). Let w(b) = 11*b**3 + 2*b**2 - b - 1. Let r be w(2). Suppose 3*f = o + r. List the prime factors of f.
2, 7
Let q = 536 + -516. Let m = 113 - q. List the prime factors of m.
3, 31
Suppose 32 = -f + 26, 4*f = -4*n + 48636. What are the prime factors of n?
3, 5, 811
Let f be ((-3)/(-12) - (-52)/(-16))/((-42)/2324). Suppose 3*u - 518 = 5*i, 5*i - 2*u + 542 = -5*u. Let w = i + f. What are the prime factors of w?
2, 3, 5
Suppose -5*k = 4*r - 2252, 4*k - 2815 = 5*r - 10*r. Suppose 67 = 5*z - r. What are the prime factors of 3*4/(-6) + 1*z?
2, 31
Suppose -4*t + 35 = t. Suppose -4*v + t - 19 = 0, 0 = 4*y - v - 83. Let b = 45 - y. What are the prime factors of b?
5
Let f = 108 + -103. Let a be (-1 - (3 - f))*(0 - -2). Suppose a*p - 910 = -3*p. What are the prime factors of p?
2, 7, 13
Let p = 367 + -365. Suppose 4738 = 5*r - 4*n, p*n + 4734 = 56*r - 51*r. List the prime factors of r.
2, 11, 43
Let b(w) = 6*w**2 - 30*w - 49. Let l be b(-21). Suppose 0 = 6*c - l - 2113. What are the prime factors of c?
2, 5, 89
Let o(d) = -d**3 + 12*d**2 - 6*d + 26. Let g be o(11). Let s be (g - -1)*8/16. Suppose s = 3*p - 631. What 